{"id":335,"date":"2023-02-10T15:43:09","date_gmt":"2023-02-10T15:43:09","guid":{"rendered":"https:\/\/watzumi.elesteam.com\/?post_type=product&#038;p=335"},"modified":"2023-07-13T01:24:12","modified_gmt":"2023-07-13T01:24:12","slug":"polvo-acrilico-para-decoracion-de-unas","status":"publish","type":"product","link":"https:\/\/watzumi.elesteam.com\/index.php\/producto\/polvo-acrilico-para-decoracion-de-unas\/","title":{"rendered":"Polvo acr\u00edlico para decoraci\u00f3n de u\u00f1as"},"content":{"rendered":"","protected":false},"excerpt":{"rendered":"<p>Polvo acr\u00edlico para decoraci\u00f3n de u\u00f1as<\/p>\n","protected":false},"featured_media":344,"template":"","meta":[],"product_cat":[25,38],"product_tag":[],"_links":{"self":[{"href":"https:\/\/watzumi.elesteam.com\/index.php\/wp-json\/wp\/v2\/product\/335"}],"collection":[{"href":"https:\/\/watzumi.elesteam.com\/index.php\/wp-json\/wp\/v2\/product"}],"about":[{"href":"https:\/\/watzumi.elesteam.com\/index.php\/wp-json\/wp\/v2\/types\/product"}],"wp:featuredmedia":[{"embeddable":true,"href":"https:\/\/watzumi.elesteam.com\/index.php\/wp-json\/wp\/v2\/media\/344"}],"wp:attachment":[{"href":"https:\/\/watzumi.elesteam.com\/index.php\/wp-json\/wp\/v2\/media?parent=335"}],"wp:term":[{"taxonomy":"product_cat","embeddable":true,"href":"https:\/\/watzumi.elesteam.com\/index.php\/wp-json\/wp\/v2\/product_cat?post=335"},{"taxonomy":"product_tag","embeddable":true,"href":"https:\/\/watzumi.elesteam.com\/index.php\/wp-json\/wp\/v2\/product_tag?post=335"}],"curies":[{"name":"wp","href":"https:\/\/api.w.org\/{rel}","templated":true}]}}